{"id":1099,"date":"2026-04-09T10:56:23","date_gmt":"2026-04-09T10:56:23","guid":{"rendered":"https:\/\/katinalanlihakauppa.fi\/?post_type=product&#038;p=1099"},"modified":"2026-04-09T12:50:54","modified_gmt":"2026-04-09T12:50:54","slug":"puolikas-raakapaloiteltu-nauta-1200-e-kg","status":"publish","type":"product","link":"https:\/\/katinalanlihakauppa.fi\/?product=puolikas-raakapaloiteltu-nauta-1200-e-kg","title":{"rendered":"Puolikas raakapaloiteltu nauta 12,00 \u20ac\/kg"},"content":{"rendered":"<h3 style=\"text-align: center;\">Tuore raakapaloiteltu puolikas nauta sis\u00e4lt\u00e4\u00e4 puolikkaan ruhon leikattuna kuuteen osaan.<\/h3>\n<h3 style=\"text-align: center;\"><strong>T\u00e4m\u00e4 on kokeilevan keitti\u00f6kokin tai varman veitsitaiturin valinta, joka haluaa leikata lihat itselleen sopiviksi paloiksi.<\/strong><\/h3>\n<h3 style=\"text-align: center;\">Osat:<\/h3>\n<p style=\"text-align: center;\">Lapa kokonaisena, osso buccot kokonaisena, takanelj\u00e4nneksen paistit ratkottuna, ranka eli fileosuus kokonaisena, niska kokonaisena\u00a0 sek\u00e4 kyljet kokonaisena.<\/p>\n<h3 style=\"text-align: center;\">Paino:<\/h3>\n<p style=\"text-align: center;\">Kokonaispaino on noin 140-200 kg. Jokainen el\u00e4in on yksil\u00f6 ja eri painoinen, joten tuotteen kokonaispaino vaihtelee annetulla painov\u00e4lill\u00e4.<\/p>\n<h3 style=\"text-align: center;\">Raakakypsytys:<\/h3>\n<p style=\"text-align: center;\">Huomioithan, ett\u00e4 naudan kokolihojen mureus syntyy viikkojen raakakypsytyksen my\u00f6t\u00e4. Mik\u00e4li haluat meid\u00e4n tekev\u00e4n t\u00e4m\u00e4n puolestasi, mainitsethan siit\u00e4 muiden lis\u00e4palveluiden ohessa.<\/p>\n<h3 style=\"text-align: center;\">Toimitus:<\/h3>\n<p style=\"text-align: center;\">Osat toimitetaan lihalaatikoissa pakattuna isoihin muovipusseihin. Nouda tuotteet Katinalan Lihakaupasta ja Leipomosta sovittuna ajankohtana.<\/p>\n<h3 style=\"text-align: center;\">Varausmaksu:<\/h3>\n<p style=\"text-align: center;\">Tuotteesta perit\u00e4\u00e4n varausmaksu tilauksen yhteydess\u00e4. Tuotteen lopullinen hinta m\u00e4\u00e4r\u00e4ytyy toteutuneiden lihakilojen mukaan. Varausmaksu 200 \u20ac hyvitet\u00e4\u00e4n tuotteen kokonaishinnasta noudon yhteydess\u00e4. Maksu kortilla tai k\u00e4teisell\u00e4.<\/p>\n","protected":false},"excerpt":{"rendered":"<p>Tuore raakapaloiteltu puolikas nauta sis\u00e4lt\u00e4\u00e4 puolikkaan ruhon leikattuna kuuteen osaan. T\u00e4m\u00e4 on kokeilevan keitti\u00f6kokin tai varman veitsitaiturin valinta, joka haluaa leikata lihat itselleen sopiviksi paloiksi. Osat: Lapa kokonaisena, osso buccot kokonaisena, takanelj\u00e4nneksen paistit ratkottuna, ranka eli fileosuus kokonaisena, niska kokonaisena\u00a0 sek\u00e4 kyljet kokonaisena. Paino: Kokonaispaino on noin 140-200 kg. Jokainen el\u00e4in on yksil\u00f6 ja eri &hellip; <\/p>\n","protected":false},"featured_media":1111,"comment_status":"open","ping_status":"closed","template":"","meta":{"_themeisle_gutenberg_block_has_review":false},"product_brand":[],"product_cat":[17],"product_tag":[],"class_list":{"0":"post-1099","1":"product","2":"type-product","3":"status-publish","4":"has-post-thumbnail","6":"product_cat-yleinen","8":"first","9":"instock","10":"virtual","11":"purchasable","12":"product-type-simple"},"yoast_head":"<!-- This site is optimized with the Yoast SEO plugin v27.4 - https:\/\/yoast.com\/product\/yoast-seo-wordpress\/ -->\n<title>Puolikas raakapaloiteltu nauta 12,00 \u20ac\/kg - Katinalan Lihakauppa<\/title>\n<meta name=\"robots\" content=\"index, follow, max-snippet:-1, max-image-preview:large, max-video-preview:-1\" \/>\n<link rel=\"canonical\" href=\"https:\/\/katinalanlihakauppa.fi\/?product=puolikas-raakapaloiteltu-nauta-1200-e-kg\" \/>\n<meta property=\"og:locale\" content=\"fi_FI\" \/>\n<meta property=\"og:type\" content=\"article\" \/>\n<meta property=\"og:title\" content=\"Puolikas raakapaloiteltu nauta 12,00 \u20ac\/kg - Katinalan Lihakauppa\" \/>\n<meta property=\"og:description\" content=\"Tuore raakapaloiteltu puolikas nauta sis\u00e4lt\u00e4\u00e4 puolikkaan ruhon leikattuna kuuteen osaan. T\u00e4m\u00e4 on kokeilevan keitti\u00f6kokin tai varman veitsitaiturin valinta, joka haluaa leikata lihat itselleen sopiviksi paloiksi. Osat: Lapa kokonaisena, osso buccot kokonaisena, takanelj\u00e4nneksen paistit ratkottuna, ranka eli fileosuus kokonaisena, niska kokonaisena\u00a0 sek\u00e4 kyljet kokonaisena. Paino: Kokonaispaino on noin 140-200 kg. Jokainen el\u00e4in on yksil\u00f6 ja eri &hellip;\" \/>\n<meta property=\"og:url\" content=\"https:\/\/katinalanlihakauppa.fi\/?product=puolikas-raakapaloiteltu-nauta-1200-e-kg\" \/>\n<meta property=\"og:site_name\" content=\"Katinalan Lihakauppa\" \/>\n<meta property=\"article:modified_time\" content=\"2026-04-09T12:50:54+00:00\" \/>\n<meta property=\"og:image\" content=\"https:\/\/katinalanlihakauppa.fi\/wp-content\/uploads\/2026\/04\/paisti1-scaled.jpg\" \/>\n\t<meta property=\"og:image:width\" content=\"2560\" \/>\n\t<meta property=\"og:image:height\" content=\"1706\" \/>\n\t<meta property=\"og:image:type\" content=\"image\/jpeg\" \/>\n<meta name=\"twitter:card\" content=\"summary_large_image\" \/>\n<meta name=\"twitter:label1\" content=\"Arvioitu lukuaika\" \/>\n\t<meta name=\"twitter:data1\" content=\"1 minuutti\" \/>\n<script type=\"application\/ld+json\" class=\"yoast-schema-graph\">{\"@context\":\"https:\\\/\\\/schema.org\",\"@graph\":[{\"@type\":\"WebPage\",\"@id\":\"https:\\\/\\\/katinalanlihakauppa.fi\\\/?product=puolikas-raakapaloiteltu-nauta-1200-e-kg\",\"url\":\"https:\\\/\\\/katinalanlihakauppa.fi\\\/?product=puolikas-raakapaloiteltu-nauta-1200-e-kg\",\"name\":\"Puolikas raakapaloiteltu nauta 12,00 \u20ac\\\/kg - Katinalan Lihakauppa\",\"isPartOf\":{\"@id\":\"https:\\\/\\\/katinalanlihakauppa.fi\\\/#website\"},\"primaryImageOfPage\":{\"@id\":\"https:\\\/\\\/katinalanlihakauppa.fi\\\/?product=puolikas-raakapaloiteltu-nauta-1200-e-kg#primaryimage\"},\"image\":{\"@id\":\"https:\\\/\\\/katinalanlihakauppa.fi\\\/?product=puolikas-raakapaloiteltu-nauta-1200-e-kg#primaryimage\"},\"thumbnailUrl\":\"https:\\\/\\\/katinalanlihakauppa.fi\\\/wp-content\\\/uploads\\\/2026\\\/04\\\/paisti1-scaled.jpg\",\"datePublished\":\"2026-04-09T10:56:23+00:00\",\"dateModified\":\"2026-04-09T12:50:54+00:00\",\"breadcrumb\":{\"@id\":\"https:\\\/\\\/katinalanlihakauppa.fi\\\/?product=puolikas-raakapaloiteltu-nauta-1200-e-kg#breadcrumb\"},\"inLanguage\":\"fi\",\"potentialAction\":[{\"@type\":\"ReadAction\",\"target\":[\"https:\\\/\\\/katinalanlihakauppa.fi\\\/?product=puolikas-raakapaloiteltu-nauta-1200-e-kg\"]}]},{\"@type\":\"ImageObject\",\"inLanguage\":\"fi\",\"@id\":\"https:\\\/\\\/katinalanlihakauppa.fi\\\/?product=puolikas-raakapaloiteltu-nauta-1200-e-kg#primaryimage\",\"url\":\"https:\\\/\\\/katinalanlihakauppa.fi\\\/wp-content\\\/uploads\\\/2026\\\/04\\\/paisti1-scaled.jpg\",\"contentUrl\":\"https:\\\/\\\/katinalanlihakauppa.fi\\\/wp-content\\\/uploads\\\/2026\\\/04\\\/paisti1-scaled.jpg\",\"width\":2560,\"height\":1706},{\"@type\":\"BreadcrumbList\",\"@id\":\"https:\\\/\\\/katinalanlihakauppa.fi\\\/?product=puolikas-raakapaloiteltu-nauta-1200-e-kg#breadcrumb\",\"itemListElement\":[{\"@type\":\"ListItem\",\"position\":1,\"name\":\"Home\",\"item\":\"https:\\\/\\\/katinalanlihakauppa.fi\\\/\"},{\"@type\":\"ListItem\",\"position\":2,\"name\":\"Kauppa\",\"item\":\"https:\\\/\\\/katinalanlihakauppa.fi\\\/?page_id=115\"},{\"@type\":\"ListItem\",\"position\":3,\"name\":\"Puolikas raakapaloiteltu nauta 12,00 \u20ac\\\/kg\"}]},{\"@type\":\"WebSite\",\"@id\":\"https:\\\/\\\/katinalanlihakauppa.fi\\\/#website\",\"url\":\"https:\\\/\\\/katinalanlihakauppa.fi\\\/\",\"name\":\"Katinalan Lihakauppa\",\"description\":\"Katinalan Lihakauppa ja leipomo\",\"publisher\":{\"@id\":\"https:\\\/\\\/katinalanlihakauppa.fi\\\/#organization\"},\"potentialAction\":[{\"@type\":\"SearchAction\",\"target\":{\"@type\":\"EntryPoint\",\"urlTemplate\":\"https:\\\/\\\/katinalanlihakauppa.fi\\\/?s={search_term_string}\"},\"query-input\":{\"@type\":\"PropertyValueSpecification\",\"valueRequired\":true,\"valueName\":\"search_term_string\"}}],\"inLanguage\":\"fi\"},{\"@type\":\"Organization\",\"@id\":\"https:\\\/\\\/katinalanlihakauppa.fi\\\/#organization\",\"name\":\"Katinalan Lihakauppa\",\"url\":\"https:\\\/\\\/katinalanlihakauppa.fi\\\/\",\"logo\":{\"@type\":\"ImageObject\",\"inLanguage\":\"fi\",\"@id\":\"https:\\\/\\\/katinalanlihakauppa.fi\\\/#\\\/schema\\\/logo\\\/image\\\/\",\"url\":\"https:\\\/\\\/katinalanlihakauppa.fi\\\/wp-content\\\/uploads\\\/2026\\\/03\\\/cropped-cropped-Nayttokuva-2025-09-06-095151.png\",\"contentUrl\":\"https:\\\/\\\/katinalanlihakauppa.fi\\\/wp-content\\\/uploads\\\/2026\\\/03\\\/cropped-cropped-Nayttokuva-2025-09-06-095151.png\",\"width\":512,\"height\":512,\"caption\":\"Katinalan Lihakauppa\"},\"image\":{\"@id\":\"https:\\\/\\\/katinalanlihakauppa.fi\\\/#\\\/schema\\\/logo\\\/image\\\/\"}}]}<\/script>\n<!-- \/ Yoast SEO plugin. -->","yoast_head_json":{"title":"Puolikas raakapaloiteltu nauta 12,00 \u20ac\/kg - Katinalan Lihakauppa","robots":{"index":"index","follow":"follow","max-snippet":"max-snippet:-1","max-image-preview":"max-image-preview:large","max-video-preview":"max-video-preview:-1"},"canonical":"https:\/\/katinalanlihakauppa.fi\/?product=puolikas-raakapaloiteltu-nauta-1200-e-kg","og_locale":"fi_FI","og_type":"article","og_title":"Puolikas raakapaloiteltu nauta 12,00 \u20ac\/kg - Katinalan Lihakauppa","og_description":"Tuore raakapaloiteltu puolikas nauta sis\u00e4lt\u00e4\u00e4 puolikkaan ruhon leikattuna kuuteen osaan. T\u00e4m\u00e4 on kokeilevan keitti\u00f6kokin tai varman veitsitaiturin valinta, joka haluaa leikata lihat itselleen sopiviksi paloiksi. Osat: Lapa kokonaisena, osso buccot kokonaisena, takanelj\u00e4nneksen paistit ratkottuna, ranka eli fileosuus kokonaisena, niska kokonaisena\u00a0 sek\u00e4 kyljet kokonaisena. Paino: Kokonaispaino on noin 140-200 kg. Jokainen el\u00e4in on yksil\u00f6 ja eri &hellip;","og_url":"https:\/\/katinalanlihakauppa.fi\/?product=puolikas-raakapaloiteltu-nauta-1200-e-kg","og_site_name":"Katinalan Lihakauppa","article_modified_time":"2026-04-09T12:50:54+00:00","og_image":[{"width":2560,"height":1706,"url":"https:\/\/katinalanlihakauppa.fi\/wp-content\/uploads\/2026\/04\/paisti1-scaled.jpg","type":"image\/jpeg"}],"twitter_card":"summary_large_image","twitter_misc":{"Arvioitu lukuaika":"1 minuutti"},"schema":{"@context":"https:\/\/schema.org","@graph":[{"@type":"WebPage","@id":"https:\/\/katinalanlihakauppa.fi\/?product=puolikas-raakapaloiteltu-nauta-1200-e-kg","url":"https:\/\/katinalanlihakauppa.fi\/?product=puolikas-raakapaloiteltu-nauta-1200-e-kg","name":"Puolikas raakapaloiteltu nauta 12,00 \u20ac\/kg - Katinalan Lihakauppa","isPartOf":{"@id":"https:\/\/katinalanlihakauppa.fi\/#website"},"primaryImageOfPage":{"@id":"https:\/\/katinalanlihakauppa.fi\/?product=puolikas-raakapaloiteltu-nauta-1200-e-kg#primaryimage"},"image":{"@id":"https:\/\/katinalanlihakauppa.fi\/?product=puolikas-raakapaloiteltu-nauta-1200-e-kg#primaryimage"},"thumbnailUrl":"https:\/\/katinalanlihakauppa.fi\/wp-content\/uploads\/2026\/04\/paisti1-scaled.jpg","datePublished":"2026-04-09T10:56:23+00:00","dateModified":"2026-04-09T12:50:54+00:00","breadcrumb":{"@id":"https:\/\/katinalanlihakauppa.fi\/?product=puolikas-raakapaloiteltu-nauta-1200-e-kg#breadcrumb"},"inLanguage":"fi","potentialAction":[{"@type":"ReadAction","target":["https:\/\/katinalanlihakauppa.fi\/?product=puolikas-raakapaloiteltu-nauta-1200-e-kg"]}]},{"@type":"ImageObject","inLanguage":"fi","@id":"https:\/\/katinalanlihakauppa.fi\/?product=puolikas-raakapaloiteltu-nauta-1200-e-kg#primaryimage","url":"https:\/\/katinalanlihakauppa.fi\/wp-content\/uploads\/2026\/04\/paisti1-scaled.jpg","contentUrl":"https:\/\/katinalanlihakauppa.fi\/wp-content\/uploads\/2026\/04\/paisti1-scaled.jpg","width":2560,"height":1706},{"@type":"BreadcrumbList","@id":"https:\/\/katinalanlihakauppa.fi\/?product=puolikas-raakapaloiteltu-nauta-1200-e-kg#breadcrumb","itemListElement":[{"@type":"ListItem","position":1,"name":"Home","item":"https:\/\/katinalanlihakauppa.fi\/"},{"@type":"ListItem","position":2,"name":"Kauppa","item":"https:\/\/katinalanlihakauppa.fi\/?page_id=115"},{"@type":"ListItem","position":3,"name":"Puolikas raakapaloiteltu nauta 12,00 \u20ac\/kg"}]},{"@type":"WebSite","@id":"https:\/\/katinalanlihakauppa.fi\/#website","url":"https:\/\/katinalanlihakauppa.fi\/","name":"Katinalan Lihakauppa","description":"Katinalan Lihakauppa ja leipomo","publisher":{"@id":"https:\/\/katinalanlihakauppa.fi\/#organization"},"potentialAction":[{"@type":"SearchAction","target":{"@type":"EntryPoint","urlTemplate":"https:\/\/katinalanlihakauppa.fi\/?s={search_term_string}"},"query-input":{"@type":"PropertyValueSpecification","valueRequired":true,"valueName":"search_term_string"}}],"inLanguage":"fi"},{"@type":"Organization","@id":"https:\/\/katinalanlihakauppa.fi\/#organization","name":"Katinalan Lihakauppa","url":"https:\/\/katinalanlihakauppa.fi\/","logo":{"@type":"ImageObject","inLanguage":"fi","@id":"https:\/\/katinalanlihakauppa.fi\/#\/schema\/logo\/image\/","url":"https:\/\/katinalanlihakauppa.fi\/wp-content\/uploads\/2026\/03\/cropped-cropped-Nayttokuva-2025-09-06-095151.png","contentUrl":"https:\/\/katinalanlihakauppa.fi\/wp-content\/uploads\/2026\/03\/cropped-cropped-Nayttokuva-2025-09-06-095151.png","width":512,"height":512,"caption":"Katinalan Lihakauppa"},"image":{"@id":"https:\/\/katinalanlihakauppa.fi\/#\/schema\/logo\/image\/"}}]}},"jetpack_sharing_enabled":true,"_links":{"self":[{"href":"https:\/\/katinalanlihakauppa.fi\/index.php?rest_route=\/wp\/v2\/product\/1099","targetHints":{"allow":["GET"]}}],"collection":[{"href":"https:\/\/katinalanlihakauppa.fi\/index.php?rest_route=\/wp\/v2\/product"}],"about":[{"href":"https:\/\/katinalanlihakauppa.fi\/index.php?rest_route=\/wp\/v2\/types\/product"}],"replies":[{"embeddable":true,"href":"https:\/\/katinalanlihakauppa.fi\/index.php?rest_route=%2Fwp%2Fv2%2Fcomments&post=1099"}],"wp:featuredmedia":[{"embeddable":true,"href":"https:\/\/katinalanlihakauppa.fi\/index.php?rest_route=\/wp\/v2\/media\/1111"}],"wp:attachment":[{"href":"https:\/\/katinalanlihakauppa.fi\/index.php?rest_route=%2Fwp%2Fv2%2Fmedia&parent=1099"}],"wp:term":[{"taxonomy":"product_brand","embeddable":true,"href":"https:\/\/katinalanlihakauppa.fi\/index.php?rest_route=%2Fwp%2Fv2%2Fproduct_brand&post=1099"},{"taxonomy":"product_cat","embeddable":true,"href":"https:\/\/katinalanlihakauppa.fi\/index.php?rest_route=%2Fwp%2Fv2%2Fproduct_cat&post=1099"},{"taxonomy":"product_tag","embeddable":true,"href":"https:\/\/katinalanlihakauppa.fi\/index.php?rest_route=%2Fwp%2Fv2%2Fproduct_tag&post=1099"}],"curies":[{"name":"wp","href":"https:\/\/api.w.org\/{rel}","templated":true}]}}