{"id":1078,"date":"2026-04-08T11:45:01","date_gmt":"2026-04-08T11:45:01","guid":{"rendered":"https:\/\/katinalanlihakauppa.fi\/?post_type=product&#038;p=1078"},"modified":"2026-04-09T10:27:40","modified_gmt":"2026-04-09T10:27:40","slug":"puolikas-possu-raakapaloiteltu","status":"publish","type":"product","link":"https:\/\/katinalanlihakauppa.fi\/?product=puolikas-possu-raakapaloiteltu","title":{"rendered":"Puolikas raakapaloiteltu possu 9,90 \u20ac\/kg"},"content":{"rendered":"<h3 style=\"text-align: center;\">Tuore raakapaloiteltu possun puolikas sis\u00e4lt\u00e4\u00e4 puolikkaan possun leikattuna kolmeen osaa.<\/h3>\n<h3 style=\"text-align: center;\">T\u00e4m\u00e4 on kokeilevan keitti\u00f6kokin tai varman veitsitaiturin valinta, joka haluaa leikata lihat itselleen sopiviksi paloiksi.<\/h3>\n<h3 style=\"text-align: center;\">9,90 \u20ac\/kilo (40-50 kg)<\/h3>\n<h3 style=\"text-align: center;\">Osat:<\/h3>\n<p style=\"text-align: center;\">Etunelj\u00e4nnes, selk\u00e4 ja kylki, suorakinkku, puolikas p\u00e4\u00e4 sek\u00e4 saparo.<\/p>\n<h3 style=\"text-align: center;\">Paino:<\/h3>\n<p style=\"text-align: center;\">Puolikkaan kokonaispaino on 40-50 kg. Jokainen el\u00e4in on yksil\u00f6 ja eri painoinen, joten tuotteen kokonaispaino vaihtelee annetulla painov\u00e4lill\u00e4.<\/p>\n<h3 style=\"text-align: center;\">Toimitus:<\/h3>\n<p style=\"text-align: center;\">Osat toimitetaan lihalaatikoissa pakattuna isoihin muovipusseihin. Nouda tuotteet Katinalan Lihakaupasta ja Leipomosta sovittuna ajankohtana.<\/p>\n<h3 style=\"text-align: center;\">Ennakkomaksu:<\/h3>\n<p style=\"text-align: center;\">Tuotteesta perit\u00e4\u00e4n ennakkomaksu tilauksen yhteydess\u00e4. Tuotteen lopullinen hinta m\u00e4\u00e4r\u00e4ytyy toteutuneiden lihakilojen mukaan. Varausmaksu 50 \u20ac hyvitet\u00e4\u00e4n tuotteen kokonaishinnasta noudon yhteydess\u00e4. Maksu kortilla tai k\u00e4teisell\u00e4.<\/p>\n","protected":false},"excerpt":{"rendered":"<p>Tuore raakapaloiteltu possun puolikas sis\u00e4lt\u00e4\u00e4 puolikkaan possun leikattuna kolmeen osaa. T\u00e4m\u00e4 on kokeilevan keitti\u00f6kokin tai varman veitsitaiturin valinta, joka haluaa leikata lihat itselleen sopiviksi paloiksi. 9,90 \u20ac\/kilo (40-50 kg) Osat: Etunelj\u00e4nnes, selk\u00e4 ja kylki, suorakinkku, puolikas p\u00e4\u00e4 sek\u00e4 saparo. Paino: Puolikkaan kokonaispaino on 40-50 kg. Jokainen el\u00e4in on yksil\u00f6 ja eri painoinen, joten tuotteen kokonaispaino &hellip; <\/p>\n","protected":false},"featured_media":1081,"comment_status":"open","ping_status":"closed","template":"","meta":{"_themeisle_gutenberg_block_has_review":false},"product_brand":[],"product_cat":[17],"product_tag":[],"class_list":{"0":"post-1078","1":"product","2":"type-product","3":"status-publish","4":"has-post-thumbnail","6":"product_cat-yleinen","8":"first","9":"instock","10":"virtual","11":"purchasable","12":"product-type-simple"},"yoast_head":"<!-- This site is optimized with the Yoast SEO plugin v27.4 - https:\/\/yoast.com\/product\/yoast-seo-wordpress\/ -->\n<title>Puolikas raakapaloiteltu possu 9,90 \u20ac\/kg - Katinalan Lihakauppa<\/title>\n<meta name=\"robots\" content=\"index, follow, max-snippet:-1, max-image-preview:large, max-video-preview:-1\" \/>\n<link rel=\"canonical\" href=\"https:\/\/katinalanlihakauppa.fi\/?product=puolikas-possu-raakapaloiteltu\" \/>\n<meta property=\"og:locale\" content=\"fi_FI\" \/>\n<meta property=\"og:type\" content=\"article\" \/>\n<meta property=\"og:title\" content=\"Puolikas raakapaloiteltu possu 9,90 \u20ac\/kg - Katinalan Lihakauppa\" \/>\n<meta property=\"og:description\" content=\"Tuore raakapaloiteltu possun puolikas sis\u00e4lt\u00e4\u00e4 puolikkaan possun leikattuna kolmeen osaa. T\u00e4m\u00e4 on kokeilevan keitti\u00f6kokin tai varman veitsitaiturin valinta, joka haluaa leikata lihat itselleen sopiviksi paloiksi. 9,90 \u20ac\/kilo (40-50 kg) Osat: Etunelj\u00e4nnes, selk\u00e4 ja kylki, suorakinkku, puolikas p\u00e4\u00e4 sek\u00e4 saparo. Paino: Puolikkaan kokonaispaino on 40-50 kg. Jokainen el\u00e4in on yksil\u00f6 ja eri painoinen, joten tuotteen kokonaispaino &hellip;\" \/>\n<meta property=\"og:url\" content=\"https:\/\/katinalanlihakauppa.fi\/?product=puolikas-possu-raakapaloiteltu\" \/>\n<meta property=\"og:site_name\" content=\"Katinalan Lihakauppa\" \/>\n<meta property=\"article:modified_time\" content=\"2026-04-09T10:27:40+00:00\" \/>\n<meta property=\"og:image\" content=\"https:\/\/katinalanlihakauppa.fi\/wp-content\/uploads\/2026\/04\/possunliha-vaaka.jpeg\" \/>\n\t<meta property=\"og:image:width\" content=\"1575\" \/>\n\t<meta property=\"og:image:height\" content=\"1132\" \/>\n\t<meta property=\"og:image:type\" content=\"image\/jpeg\" \/>\n<meta name=\"twitter:card\" content=\"summary_large_image\" \/>\n<meta name=\"twitter:label1\" content=\"Arvioitu lukuaika\" \/>\n\t<meta name=\"twitter:data1\" content=\"1 minuutti\" \/>\n<script type=\"application\/ld+json\" class=\"yoast-schema-graph\">{\"@context\":\"https:\\\/\\\/schema.org\",\"@graph\":[{\"@type\":\"WebPage\",\"@id\":\"https:\\\/\\\/katinalanlihakauppa.fi\\\/?product=puolikas-possu-raakapaloiteltu\",\"url\":\"https:\\\/\\\/katinalanlihakauppa.fi\\\/?product=puolikas-possu-raakapaloiteltu\",\"name\":\"Puolikas raakapaloiteltu possu 9,90 \u20ac\\\/kg - Katinalan Lihakauppa\",\"isPartOf\":{\"@id\":\"https:\\\/\\\/katinalanlihakauppa.fi\\\/#website\"},\"primaryImageOfPage\":{\"@id\":\"https:\\\/\\\/katinalanlihakauppa.fi\\\/?product=puolikas-possu-raakapaloiteltu#primaryimage\"},\"image\":{\"@id\":\"https:\\\/\\\/katinalanlihakauppa.fi\\\/?product=puolikas-possu-raakapaloiteltu#primaryimage\"},\"thumbnailUrl\":\"https:\\\/\\\/katinalanlihakauppa.fi\\\/wp-content\\\/uploads\\\/2026\\\/04\\\/possunliha-vaaka.jpeg\",\"datePublished\":\"2026-04-08T11:45:01+00:00\",\"dateModified\":\"2026-04-09T10:27:40+00:00\",\"breadcrumb\":{\"@id\":\"https:\\\/\\\/katinalanlihakauppa.fi\\\/?product=puolikas-possu-raakapaloiteltu#breadcrumb\"},\"inLanguage\":\"fi\",\"potentialAction\":[{\"@type\":\"ReadAction\",\"target\":[\"https:\\\/\\\/katinalanlihakauppa.fi\\\/?product=puolikas-possu-raakapaloiteltu\"]}]},{\"@type\":\"ImageObject\",\"inLanguage\":\"fi\",\"@id\":\"https:\\\/\\\/katinalanlihakauppa.fi\\\/?product=puolikas-possu-raakapaloiteltu#primaryimage\",\"url\":\"https:\\\/\\\/katinalanlihakauppa.fi\\\/wp-content\\\/uploads\\\/2026\\\/04\\\/possunliha-vaaka.jpeg\",\"contentUrl\":\"https:\\\/\\\/katinalanlihakauppa.fi\\\/wp-content\\\/uploads\\\/2026\\\/04\\\/possunliha-vaaka.jpeg\",\"width\":1575,\"height\":1132},{\"@type\":\"BreadcrumbList\",\"@id\":\"https:\\\/\\\/katinalanlihakauppa.fi\\\/?product=puolikas-possu-raakapaloiteltu#breadcrumb\",\"itemListElement\":[{\"@type\":\"ListItem\",\"position\":1,\"name\":\"Home\",\"item\":\"https:\\\/\\\/katinalanlihakauppa.fi\\\/\"},{\"@type\":\"ListItem\",\"position\":2,\"name\":\"Kauppa\",\"item\":\"https:\\\/\\\/katinalanlihakauppa.fi\\\/?page_id=115\"},{\"@type\":\"ListItem\",\"position\":3,\"name\":\"Puolikas raakapaloiteltu possu 9,90 \u20ac\\\/kg\"}]},{\"@type\":\"WebSite\",\"@id\":\"https:\\\/\\\/katinalanlihakauppa.fi\\\/#website\",\"url\":\"https:\\\/\\\/katinalanlihakauppa.fi\\\/\",\"name\":\"Katinalan Lihakauppa\",\"description\":\"Katinalan Lihakauppa ja leipomo\",\"publisher\":{\"@id\":\"https:\\\/\\\/katinalanlihakauppa.fi\\\/#organization\"},\"potentialAction\":[{\"@type\":\"SearchAction\",\"target\":{\"@type\":\"EntryPoint\",\"urlTemplate\":\"https:\\\/\\\/katinalanlihakauppa.fi\\\/?s={search_term_string}\"},\"query-input\":{\"@type\":\"PropertyValueSpecification\",\"valueRequired\":true,\"valueName\":\"search_term_string\"}}],\"inLanguage\":\"fi\"},{\"@type\":\"Organization\",\"@id\":\"https:\\\/\\\/katinalanlihakauppa.fi\\\/#organization\",\"name\":\"Katinalan Lihakauppa\",\"url\":\"https:\\\/\\\/katinalanlihakauppa.fi\\\/\",\"logo\":{\"@type\":\"ImageObject\",\"inLanguage\":\"fi\",\"@id\":\"https:\\\/\\\/katinalanlihakauppa.fi\\\/#\\\/schema\\\/logo\\\/image\\\/\",\"url\":\"https:\\\/\\\/katinalanlihakauppa.fi\\\/wp-content\\\/uploads\\\/2026\\\/03\\\/cropped-cropped-Nayttokuva-2025-09-06-095151.png\",\"contentUrl\":\"https:\\\/\\\/katinalanlihakauppa.fi\\\/wp-content\\\/uploads\\\/2026\\\/03\\\/cropped-cropped-Nayttokuva-2025-09-06-095151.png\",\"width\":512,\"height\":512,\"caption\":\"Katinalan Lihakauppa\"},\"image\":{\"@id\":\"https:\\\/\\\/katinalanlihakauppa.fi\\\/#\\\/schema\\\/logo\\\/image\\\/\"}}]}<\/script>\n<!-- \/ Yoast SEO plugin. -->","yoast_head_json":{"title":"Puolikas raakapaloiteltu possu 9,90 \u20ac\/kg - Katinalan Lihakauppa","robots":{"index":"index","follow":"follow","max-snippet":"max-snippet:-1","max-image-preview":"max-image-preview:large","max-video-preview":"max-video-preview:-1"},"canonical":"https:\/\/katinalanlihakauppa.fi\/?product=puolikas-possu-raakapaloiteltu","og_locale":"fi_FI","og_type":"article","og_title":"Puolikas raakapaloiteltu possu 9,90 \u20ac\/kg - Katinalan Lihakauppa","og_description":"Tuore raakapaloiteltu possun puolikas sis\u00e4lt\u00e4\u00e4 puolikkaan possun leikattuna kolmeen osaa. T\u00e4m\u00e4 on kokeilevan keitti\u00f6kokin tai varman veitsitaiturin valinta, joka haluaa leikata lihat itselleen sopiviksi paloiksi. 9,90 \u20ac\/kilo (40-50 kg) Osat: Etunelj\u00e4nnes, selk\u00e4 ja kylki, suorakinkku, puolikas p\u00e4\u00e4 sek\u00e4 saparo. Paino: Puolikkaan kokonaispaino on 40-50 kg. Jokainen el\u00e4in on yksil\u00f6 ja eri painoinen, joten tuotteen kokonaispaino &hellip;","og_url":"https:\/\/katinalanlihakauppa.fi\/?product=puolikas-possu-raakapaloiteltu","og_site_name":"Katinalan Lihakauppa","article_modified_time":"2026-04-09T10:27:40+00:00","og_image":[{"width":1575,"height":1132,"url":"https:\/\/katinalanlihakauppa.fi\/wp-content\/uploads\/2026\/04\/possunliha-vaaka.jpeg","type":"image\/jpeg"}],"twitter_card":"summary_large_image","twitter_misc":{"Arvioitu lukuaika":"1 minuutti"},"schema":{"@context":"https:\/\/schema.org","@graph":[{"@type":"WebPage","@id":"https:\/\/katinalanlihakauppa.fi\/?product=puolikas-possu-raakapaloiteltu","url":"https:\/\/katinalanlihakauppa.fi\/?product=puolikas-possu-raakapaloiteltu","name":"Puolikas raakapaloiteltu possu 9,90 \u20ac\/kg - Katinalan Lihakauppa","isPartOf":{"@id":"https:\/\/katinalanlihakauppa.fi\/#website"},"primaryImageOfPage":{"@id":"https:\/\/katinalanlihakauppa.fi\/?product=puolikas-possu-raakapaloiteltu#primaryimage"},"image":{"@id":"https:\/\/katinalanlihakauppa.fi\/?product=puolikas-possu-raakapaloiteltu#primaryimage"},"thumbnailUrl":"https:\/\/katinalanlihakauppa.fi\/wp-content\/uploads\/2026\/04\/possunliha-vaaka.jpeg","datePublished":"2026-04-08T11:45:01+00:00","dateModified":"2026-04-09T10:27:40+00:00","breadcrumb":{"@id":"https:\/\/katinalanlihakauppa.fi\/?product=puolikas-possu-raakapaloiteltu#breadcrumb"},"inLanguage":"fi","potentialAction":[{"@type":"ReadAction","target":["https:\/\/katinalanlihakauppa.fi\/?product=puolikas-possu-raakapaloiteltu"]}]},{"@type":"ImageObject","inLanguage":"fi","@id":"https:\/\/katinalanlihakauppa.fi\/?product=puolikas-possu-raakapaloiteltu#primaryimage","url":"https:\/\/katinalanlihakauppa.fi\/wp-content\/uploads\/2026\/04\/possunliha-vaaka.jpeg","contentUrl":"https:\/\/katinalanlihakauppa.fi\/wp-content\/uploads\/2026\/04\/possunliha-vaaka.jpeg","width":1575,"height":1132},{"@type":"BreadcrumbList","@id":"https:\/\/katinalanlihakauppa.fi\/?product=puolikas-possu-raakapaloiteltu#breadcrumb","itemListElement":[{"@type":"ListItem","position":1,"name":"Home","item":"https:\/\/katinalanlihakauppa.fi\/"},{"@type":"ListItem","position":2,"name":"Kauppa","item":"https:\/\/katinalanlihakauppa.fi\/?page_id=115"},{"@type":"ListItem","position":3,"name":"Puolikas raakapaloiteltu possu 9,90 \u20ac\/kg"}]},{"@type":"WebSite","@id":"https:\/\/katinalanlihakauppa.fi\/#website","url":"https:\/\/katinalanlihakauppa.fi\/","name":"Katinalan Lihakauppa","description":"Katinalan Lihakauppa ja leipomo","publisher":{"@id":"https:\/\/katinalanlihakauppa.fi\/#organization"},"potentialAction":[{"@type":"SearchAction","target":{"@type":"EntryPoint","urlTemplate":"https:\/\/katinalanlihakauppa.fi\/?s={search_term_string}"},"query-input":{"@type":"PropertyValueSpecification","valueRequired":true,"valueName":"search_term_string"}}],"inLanguage":"fi"},{"@type":"Organization","@id":"https:\/\/katinalanlihakauppa.fi\/#organization","name":"Katinalan Lihakauppa","url":"https:\/\/katinalanlihakauppa.fi\/","logo":{"@type":"ImageObject","inLanguage":"fi","@id":"https:\/\/katinalanlihakauppa.fi\/#\/schema\/logo\/image\/","url":"https:\/\/katinalanlihakauppa.fi\/wp-content\/uploads\/2026\/03\/cropped-cropped-Nayttokuva-2025-09-06-095151.png","contentUrl":"https:\/\/katinalanlihakauppa.fi\/wp-content\/uploads\/2026\/03\/cropped-cropped-Nayttokuva-2025-09-06-095151.png","width":512,"height":512,"caption":"Katinalan Lihakauppa"},"image":{"@id":"https:\/\/katinalanlihakauppa.fi\/#\/schema\/logo\/image\/"}}]}},"jetpack_sharing_enabled":true,"_links":{"self":[{"href":"https:\/\/katinalanlihakauppa.fi\/index.php?rest_route=\/wp\/v2\/product\/1078","targetHints":{"allow":["GET"]}}],"collection":[{"href":"https:\/\/katinalanlihakauppa.fi\/index.php?rest_route=\/wp\/v2\/product"}],"about":[{"href":"https:\/\/katinalanlihakauppa.fi\/index.php?rest_route=\/wp\/v2\/types\/product"}],"replies":[{"embeddable":true,"href":"https:\/\/katinalanlihakauppa.fi\/index.php?rest_route=%2Fwp%2Fv2%2Fcomments&post=1078"}],"wp:featuredmedia":[{"embeddable":true,"href":"https:\/\/katinalanlihakauppa.fi\/index.php?rest_route=\/wp\/v2\/media\/1081"}],"wp:attachment":[{"href":"https:\/\/katinalanlihakauppa.fi\/index.php?rest_route=%2Fwp%2Fv2%2Fmedia&parent=1078"}],"wp:term":[{"taxonomy":"product_brand","embeddable":true,"href":"https:\/\/katinalanlihakauppa.fi\/index.php?rest_route=%2Fwp%2Fv2%2Fproduct_brand&post=1078"},{"taxonomy":"product_cat","embeddable":true,"href":"https:\/\/katinalanlihakauppa.fi\/index.php?rest_route=%2Fwp%2Fv2%2Fproduct_cat&post=1078"},{"taxonomy":"product_tag","embeddable":true,"href":"https:\/\/katinalanlihakauppa.fi\/index.php?rest_route=%2Fwp%2Fv2%2Fproduct_tag&post=1078"}],"curies":[{"name":"wp","href":"https:\/\/api.w.org\/{rel}","templated":true}]}}